In base 16, what is -6c684 + b1?
-6c5d3
In base 16, what is 24b3ad + -3?
24b3aa
In base 9, what is -281838 - -38?
-281800
In base 3, what is 12 + -111021220202020?
-111021220202001
In base 8, what is 217 - 43020?
-42601
In base 6, what is 10 + 5334015?
5334025
In base 11, what is -1558 - 5076?
-6623
In base 6, what is 120401521 - 215?
120401302
In base 10, what is 2196382259 - 5?
2196382254
In base 3, what is 10011 - -220111202?
220121220
In base 8, what is -2425 - -1272301?
1267654
In base 7, what is 1004 - -141306?
142313
In base 7, what is 2134013 + 16160?
2153203
In base 14, what is -761225 - 1?
-761226
In base 13, what is 550a + -557?
4c83
In base 2, what is -100001101 + 101011000111000000?
101011000010110011
In base 14, what is 1d - -479b4?
479d3
In base 2, what is 11 - -10010001111110000001111011?
10010001111110000001111110
In base 11, what is -223 + 2333?
2110
In base 14, what is 6662 - 362?
6300
In base 16, what is 19e - -2b43?
2ce1
In base 11, what is -733299 + -2?
-7332a0
In base 2, what is 0 + 1011111101100010111011010100?
1011111101100010111011010100
In base 5, what is -1213004223 - 2344?
-1213012122
In base 3, what is 1202220 - 102120000002?
-102111020012
In base 3, what is 110020220120 - 1012?
110020212101
In base 3, what is -110220 + -1022112?
-1210102
In base 16, what is 35 - -609f?
60d4
In base 8, what is -3 + -1000454?
-1000457
In base 6, what is -10211425440 - 1?
-10211425441
In base 12, what is -a3b802 + -4?
-a3b806
In base 7, what is -1 - -11032512?
11032511
In base 16, what is -47 + 14f3e7?
14f3a0
In base 13, what is -4258c550 - -3?
-4258c54a
In base 5, what is -30322120432 + 2?
-30322120430
In base 11, what is 77 - 553797?
-553720
In base 3, what is -1001 - -22100120101112?
22100120100111
In base 8, what is 156520 - 330?
156170
In base 2, what is -100011001100001101101111 + -1?
-100011001100001101110000
In base 15, what is -38d2ea28 + -3?
-38d2ea2b
In base 10, what is -28959187 - 1?
-28959188
In base 7, what is -11004 - 413110?
-424114
In base 5, what is 2141102 - -140320?
2331422
In base 13, what is -a - -239194?
239187
In base 9, what is 3207641 - 0?
3207641
In base 10, what is 360 + -19895?
-19535
In base 8, what is 16063 - -17226?
35311
In base 10, what is -1663471 + 30?
-1663441
In base 12, what is 12b51 - b19?
12034
In base 11, what is 68 - -39759?
39816
In base 4, what is 20120031 - -122212?
20302303
In base 15, what is c7c5e6 - 12?
c7c5d4
In base 11, what is 16a8623 - -1?
16a8624
In base 12, what is -7 - -883957?
883950
In base 13, what is -9 - 1579622?
-157962b
In base 9, what is 3611335 - -46?
3611382
In base 2, what is 110000100 + 10110100000100?
10111010001000
In base 5, what is 2222213 - -2001444?
4224212
In base 16, what is -ca0 + -153d?
-21dd
In base 3, what is -110101100102121 + -10000?
-110101100112121
In base 3, what is 2000200202001210 + 0?
2000200202001210
In base 9, what is 2385 - -340173?
342568
In base 2, what is 11101101100000010011 - -111101?
11101101100001010000
In base 3, what is 1112212 - 12110202?
-10220220
In base 5, what is -1240404 + -22231?
-1313140
In base 10, what is 568 + 2694?
3262
In base 16, what is 0 + 106356?
106356
In base 7, what is -5 + -3042166?
-3042204
In base 4, what is -122102 - 10230331?
-11013033
In base 7, what is 14 - -404543?
404560
In base 11, what is 974a + -1542?
8208
In base 7, what is 16 + 12006312?
12006331
In base 12, what is 26b2a80 + a?
26b2a8a
In base 12, what is 3 + 2a35275?
2a35278
In base 13, what is -8a - 1845aab?
-1845b68
In base 3, what is -2002201002101 + -122?
-2002201010000
In base 4, what is 303312032301 + 2?
303312032303
In base 11, what is -61 - 72880a?
-728870
In base 3, what is 1222000 + 11101220102?
11110212102
In base 9, what is -410464335 - -5?
-410464330
In base 12, what is 859 - -97056?
978b3
In base 11, what is 12 + -27452?
-27440
In base 3, what is -2100122 - -2012122202?
2010022010
In base 13, what is -5 + b43a35?
b43a30
In base 16, what is 13eb32 - 3?
13eb2f
In base 8, what is 433476 - -64?
433562
In base 16, what is 1b8fb4 + 0?
1b8fb4
In base 15, what is -4 + 43311?
4330c
In base 15, what is -1 - 207ce33?
-207ce34
In base 2, what is 11001 + 111110111101110011?
111110111110001100
In base 11, what is 39 + -318581?
-318543
In base 9, what is 105858265 + 0?
105858265
In base 2, what is 1101 + 100000010011111001111?
100000010011111011100
In base 3, what is 0 - -12110112100000?
12110112100000
In base 16, what is -369d - 8691?
-bd2e
In base 11, what is -253 + 418?
175
In base 8, what is 55124 + 10716?
66042
In base 11, what is 15442a55 - 6?
15442a4a
In base 10, what is -41392 - 8?
-41400
In base 11, what is -680031 - 25?
-680056
In base 4, what is -3 + -100301023003233?
-100301023003302
In base 13, what is 9 - -1996a53?
1996a5c
In base 3, what is -220211210 - -112101?
-220022102
In base 4, what is -3 - -101133233202002?
101133233201333
In base 14, what is 5aa9 - -b26?
67d1
In base 5, what is 1012213141402 - 3?
1012213141344
In base 3, what is -11 - -21210021102101?
21210021102020
In base 10, what is 8410252 + 36?
8410288
In base 8, what is -6471 - -71615?
63124
In base 4, what is 30202113023 + 332?
30202120021
In base 12, what is -2848 - -1744?
-1104
In base 7, what is -2 + -145135452?
-145135454
In base 4, what is -10 + 2011132312?
2011132302
In base 5, what is -230003 - -43334?
-131114
In base 10, what is 173 - 12203?
-12030
In base 10, what is -5873 - 134714?
-140587
In base 5, what is 114113 + 402311?
1021424
In base 13, what is 2a - -65bb47?
65bb74
In base 10, what is 3 - -3597880?
3597883
In base 12, what is 73ab - 125?
7286
In base 14, what is 11 + 4dc260?
4dc271
In base 15, what is 23452 - c?
23445
In base 7, what is 30003040 - -54?
30003124
In base 9, what is 1342 - 36243?
-34801
In base 5, what is 14223 + 4131102?
4200330
In base 5, what is -212100 + 314123?
102023
In base 10, what is 5 - 11119543?
-11119538
In base 11, what is 2 - 32603901?
-326038aa
In base 12, what is 16ba5 + -a8?
16ab9
In base 4, what is -13300103323 - -3300?
-13300100023
In base 9, what is -617 + 5345?
4627
In base 14, what is 1a45a - 8?
1a452
In base 16, what is b71 - cc?
aa5
In base 2, what is 1100111001011011101 + 1010?
1100111001011100111
In base 6, what is 4050205 - -52?
4050301
In base 6, what is 14412124231 + 13?
14412124244
In base 16, what is -1a7d + -47c0?
-623d
In base 15, what is -8bce + 621b?
-29b3
In base 12, what is 8aa - 265a?
-1970
In base 10, what is 1981198 + -278?
1980920
In base 14, what is -79db + 1b?
-79c0
In base 8, what is 763 - 170724?
-167741
In base 12, what is 270332 + 124?
270456
In base 15, what is 3 + -4363e0e?
-4363e0b
In base 6, what is -1455252 + -1105?
-1500401
In base 15, what is 1c3b2a5a - -4?
1c3b2a5e
In base 12, what is 30 + 1b2a60?
1b2a90
In base 7, what is -3 - 35361664?
-35362000
In base 8, what is -1443341 + -55?
-1443416
In base 12, what is 0 - -4609387?
4609387
In base 4, what is 10202213220 + 10?
10202213230
In base 4, what is 202300202023 - 11?
202300202012
In base 8, what is 14341 - -11365?
25726
In base 5, what is 10 - -144421312133?
144421312143
In base 4, what is -20311022 + -11131?
-20322213
In base 14, what is -7 + -21498b?
-214994
In base 14, what is 1ba - -b8d7c?
b9158
In base 15, what is 0 - bde2c73?
-bde2c73
In base 16, what is a42909 - 2?
a42907
In base 15, what is -3dc4 - -988?
-343b
In base 11, what is 233107 + -51?
233066
In base 5, what is 20112121400 + -4?
20112121341
In base 10, what is -80 + 1138026?
1137946
In base 12, what is -1 + 42295273?
42295272
In base 9, what is 25 + 67650750?
67650775
In base 12, what is -9719 - 282b7?
-35a14
In base 16, what is -c4ca81e - -3?
-c4ca81b
In base 14, what is -22c5 + -5d46?
-822b
In base 14, what is 5 + 4d79830?
4d79835
In base 3, what is -2210011210 + 2211?
-2210001222
In base 3, what is -1200212 - -1120111?
-10101
In base 10, what is -33130811 + 5?
-33130806
In base 8, what is -103016332 - -1?
-103016331
In base 8, what is 12 + 1375020?
1375032
In base 9, what is -25 - -285064?
285038
In base 7, what is 653555503 - -1?
653555504
In base 4, what is 122223231 + -30331?
122132300
In base 16, what is -4b9421 + -4?
-4b9425
In base 8, what is -64471 - 1045?
-65536
In base 16, what is -1c1 + -25e4?
-27a5
In base 16, what is -40 + -46c043?
-46c083
In base 8